 is b(o)?
3
Let r(b) = 2*b**3 - 17*b**2 + 8*b + 18. Let d(k) = k**3 - 7*k**2 + 4*k + 8. Let o(g) = 9*d(g) - 4*r(g). What is o(-3)?
6
Let q(p) be the second derivative of 0*p**3 + 1/4*p**4 + 0 - 1/2*p**2 + 4*p. Let u(k) be the first derivative of q(k). Give u(-1).
-6
Let m = -761 - -751. Let h(d) = -d - 18. Give h(m).
-8
Let z(k) = 3*k**3 - 19*k**2 - 7*k + 4. Let b(m) = -2*m**3 + 13*m**2 + 5*m - 3. Let l(c) = -7*b(c) - 5*z(c). Let s = 2424 - 2420. What is l(s)?
1
Let q(b) = -b**3 + 4 - 24*b**2 - 9*b + 0*b + 33*b**2. Suppose 4*g - 2*m - 24 = 0, g - 11 = -2*m + 5. What is q(g)?
-4
Let w(a) = -a - 20. Let u(g) = -g - 17. Let s(l) = -5*u(l) + 4*w(l). Calculate s(-3).
2
Suppose -5*s + 5 + 1 = y, 3*y - 8 = -5*s. Let n(b) = -b**3 - b**2 + b - 1. Let v(r) = -18*r**3 - 24*r**2 + 24*r - 24. Let o(x) = 24*n(x) - v(x). Determine o(y).
-6
Let m(o) = -4*o**2 - o + 6. Let l(b) = -5*b**2 + 6. Let p(k) = -5*l(k) + 6*m(k). What is p(3)?
-3
Let v = 5367 - 5367. Let l(m) be the first derivative of m**3/3 + m**2/2 + 9*m - 1. Calculate l(v).
9
Let n(f) = f. Let g = -2 + 4. Suppose 5*h - k = 3*k - 31, 2*h = -2*k + g. What is n(h)?
-3
Let p(x) be the second derivative of 0 + 4*x + 1/2*x**3 - 1/2*x**2. Determine p(2).
5
Let d(x) = 2*x + 2. Let f(k) = 1. Suppose -5*o + 15 = r - 5*r, 4*r + 23 = -3*o. Let b(g) = o*d(g) + 6*f(g). What is b(4)?
-4
Let p = 4 + -2. Let w(a) = 1 + 4*a + 5*a**2 - 3*a + 0*a**p. Suppose -3*d + 11 = -14*d. What is w(d)?
5
Let z(b) = b - 14. Let c(d) = 4*d - 65. Let o(q) = -2*c(q) + 9*z(q). Calculate o(-3).
1
Let f(z) = -z**2 + 4*z + 8. Let t(j) = -3*j**3 - 2*j**3 - 4*j**3 + j + 3*j**3. Let x be t(-1). Suppose 4*v - 5*p = 33 - 9, -30 = -x*v - 4*p. Give f(v).
-4
Suppose -18*u - 128 = -2*u. Let f(n) = 8*n + 18. Let m(y) = 7*y + 17. Let o(q) = -6*f(q) + 7*m(q). Determine o(u).
3
Let q = -5 + 8. Let w(i) be the second derivative of i**6/240 + i**5/40 + 31*i**4/12 + 4*i - 3. Let l(k) be the third derivative of w(k). What is l(q)?
12
Let z = 39 + -13. Suppose n + l = 6*n + 28, 2*l = 4*n + z. Let k(r) = r**2 + 5*r - 2. What is k(n)?
-2
Let b = -8 - -10. Let w(x) be the first derivative of 0*x**3 - 1/4*x**4 + 0*x**2 + 5 + 2*x. Determine w(b).
-6
Let v(b) = -b - 11. Let k = 438 + -445. Determine v(k).
-4
Let d(j) = -j - 1. Let s be (2 - (-1 + 3))/1. Let x(f) = 0 + 2 - 3*f - 4 + f. Let q be x(s). Give d(q).
1
Suppose 0 = m - 4 - 1. Let h(k) = -2*k**2 + 8*k + 9. Let o(p) = p**2 - 4*p - 5. Let c(b) = -6*h(b) - 11*o(b). What is c(m)?
6
Let d(u) be the second derivative of 27*u**5/20 + u**4/6 - u**2/2 - 197*u. Determine d(1).
28
Let h(m) be the third derivative of m**4/12 + m**3/3 - 4*m**2. Suppose 4 + 0 = -k, 4*j = 3*k - 24. Let q = -5 - j. Calculate h(q).
10
Let i be -2*(3/(-2) + 1). Let k(b) be the first derivative of -2*b**3 + b**2/2 - 15*b + 12. Let a(q) be the first derivative of k(q). Give a(i).
-11
Suppose -1 = 5*r - 11. Suppose 2*m + 4 = -2*x + x, -5*m = r*x + 12. Let h(n) = -n - 3. Give h(x).
-7
Suppose 0 + 4 = 4*g. Let d = 4 - g. Let a(l) = 2 - d - 2*l + 0. Calculate a(3).
-7
Let v(k) = -1 + 6*k**2 - 9*k + 21*k - 14*k. Calculate v(-2).
27
Suppose 47*h = 55*h + 32. Let w(v) = -1 - 4 + v**2 - v + 0 + 3*v. What is w(h)?
3
Let a be (60/(-75))/((-2)/20*1). Let z(h) = -2*h**2 + 9*h + 20. Let f(d) = -3*d**2 + 14*d + 30. Let q(l) = 5*f(l) - 7*z(l). Calculate q(a).
2
Suppose -p = p - 2. Let j(u) = -9*u**3 - p - u - 4*u**2 + 2*u + 5*u**2. Let k(c) = -c**2 + 6*c - 4. Let s be k(5). Calculate j(s).
-8
Let v(g) = 3*g**2 - 6*g - 3. Let c(f) = 4*f**2 - 7*f - 2. Let k(x) = -x**3 - 6*x**2 + 17*x + 6. Let i be k(-8). Let h(r) = i*c(r) + 3*v(r). Determine h(6).
7
Let x(v) = 2*v**3 - 23*v**2 + 12*v - 9. Let q be x(11). Let a(r) be the second derivative of 4*r + 1/2*r**3 + r**q - 1/12*r**4 + 0. What is a(3)?
2
Suppose 0 = -u + 5*u - 8. Suppose 3*j + 23 = -u*z - 0*j, 1 = z - j. Let f(i) = 0*i**2 + 3*i**2 - 77*i**3 + 163*i**3 - 85*i**3 - 6*i - 2. Give f(z).
6
Let s(m) = -m**3 + 6*m**2 + m + 1. Let v be 80/(-10) + 0/(-1). Let y = 4 + 10. Let a = v + y. What is s(a)?
7
Let n(x) = 5 - x**2 - 1 - 1585*x + 1583*x + 3. Determine n(-4).
-1
Let b(r) be the third derivative of -r**5/60 + r**4/12 + 12*r**2. Let o = -99 - -101. Determine b(o).
0
Let u(r) = 2*r + 11. Let b be u(-5). Let q(d) = -5 + d**3 + 9*d + 0 - 9*d**2 + b + 2*d**2. What is q(6)?
14
Let c(s) = 5*s**2 + 6*s - 9. Let v(a) = -2*a**2 - a + 2. Let w(f) = -c(f) - 3*v(f). What is w(4)?
7
Let x(c) = c + 1. Let f(k) = -3*k - 8. Let r(v) = f(v) + 4*x(v). Let q be 0 - 2/(-2)*26. Let t = -19 + q. Determine r(t).
3
Let t be 427/(-8) + 21/56. Let p = t + 58. Let s(z) = z**3 - 4*z**2 - 5*z - 4. What is s(p)?
-4
Let n = -93 - -93. Let q(t) = t**2 - t + 3. Give q(n).
3
Let m be (-24)/16*(-3 + 1 - 0). Let q(u) = u**3 - 2*u**2 - 2*u - 4. What is q(m)?
-1
Let f(c) = c + 2. Suppose -2*x = -5*a - 53, -4*x - x + 20 = 0. Let i(y) = -4*y - 15. Let u be i(-2). Let t = u - a. Calculate f(t).
4
Let p(s) be the third derivative of -s**5/60 - 7*s**4/24 - 4*s**3/3 + 59*s**2. Give p(-7).
-8
Let n(p) = p**2 - 3*p - 8. Let d(h) = -3*h**2 - 17*h. Let j be d(-5). Suppose -7*c = -2*c - 20. Let l = j - c. Determine n(l).
10
Let m be 560/(-50) + 12 + (-6)/(-5). Let h(b) = 3*b - 7. Calculate h(m).
-1
Let t be 3/15 + 36/20. Let i(y) = -y + 0*y**2 - y**t + y. Calculate i(0).
0
Let h(q) = q**3 - 7*q**2 + q - 6. Let j = 273 + -266. What is h(j)?
1
Let n(q) = q**3 + 5 - 6*q**2 - 4 + 9*q**2 + 4*q + 3*q**2. Suppose -6*p - 15 = 15. Determine n(p).
6
Let q(u) be the second derivative of u**5/20 + u**4/2 + 2*u**2 + 3*u - 5. Suppose -1 = 3*t + 17. What is q(t)?
4
Let z(a) = 2*a**2 - a - 4. Let t(p) = p**2 - 11*p + 22. Let q(l) = -l**2 - 19*l - 39. Let s be q(-16). Let u be t(s). Determine z(u).
24
Let d(q) = q**2 + 10*q + 2. Let r be d(-9). Let t(p) = -p**2 - 8*p - 2. Let h be t(r). Let z(u) = -402*u**2 - 4*u + 202*u**2 + 201*u**2. Give z(h).
5
Let b(f) = -2*f**3 + f**2 + 3*f - 1. Let c(i) = i**2 + 20*i - 40. Let y be c(-22). Let g be 10 + (0 - 4) - y. What is b(g)?
-7
Let d(h) = -h**2 + 4*h + 8. Let k be d(-2). Let i(u) be the first derivative of 1/3*u**3 + 1/2*u**2 - 4*u + 2. Give i(k).
8
Let n be 4 + (-4)/(-10)*(-7 + 12). Let k(z) = -z**3 + 5*z**2 + 6*z - 8. What is k(n)?
-8
Let r(b) = -4*b + 8. Let l(n) = 5*n - 9. Let q(c) = 10*c - 18. Let a(o) = 5*l(o) - 3*q(o). Let y(j) = -5*a(j) + 6*r(j). What is y(7)?
10
Let p(d) = -d**3 + 11*d**2 - 9*d + 2. Suppose 10*i + 10 = 11*i. Determine p(i).
12
Let q = -123 - -123. Let j(b) be the second derivative of b**7/840 - b**5/120 - b**4/4 + b**3/6 + 2*b. Let w(r) be the second derivative of j(r). Give w(q).
-6
Let u be (16 - 5)*6/(-6). Let k(t) = t + 6. Determine k(u).
-5
Let f(p) = 8*p**3 - 2*p**2 - 2*p. Let v be f(-1). Let z(b) = -b**3 - 9*b**2 - 11*b - 3. Calculate z(v).
21
Suppose -10*f + 5144 = -6*f. Let t(u) = -2 - 1287*u**3 + f*u**3 + 15 + u**2. What is t(0)?
13
Let h(l) = 3*l**2 + 12*l - 8. Let p(z) = -z**2 - z + 1. Let x(m) = -h(m) - 4*p(m). Determine x(6).
-8
Let d(x) = -9 + 8 - x**2 - 13*x + 15*x. Suppose -p - 5*g = 8, -p + 10 = 3*g - 7*g. Determine d(p).
-1
Suppose k + d = 0, -3*k - 4*d + 3*d = 0. Let f(c) be the third derivative of 1/6*c**3 + 0*c + 0*c**5 + 2*c**2 + 0*c**4 + 1/120*c**6 + 0. Calculate f(k).
1
Let n(y) = y**2 + y + 6. Let b be n(0). Let u(f) = f**3 - 5*f**2 - 7*f + 9. Calculate u(b).
3
Let c(m) = -m**3 - 9*m**2 + 10*m - 2. Let q be c(-10). Let g(p) = -3*p**2 - 2*p + 2. Let i(k) = 10*k**2 + 6*k - 7. Let x(s) = q*i(s) - 7*g(s). Give x(-3).
3
Let o be 2*(-30)/(-25) + 3/5. Let b(a) = 2 - a + 7*a**2 - 2 - a**o - 2. Give b(7).
-9
Let z be (-2)/(-3 + 5) + 5. Let y(q) = 3*q**2 + 1. Let t(d) = -d**2 - d - 1. Let h(v) = z*t(v) + y(v). Give h(-2).
1
Suppose -3*u = -5 - 10. Suppose 2*s = u*s - 2*y + 11, 0 = s + 3*y + 22. Let h(f) = -f**3 - 8*f**2 - 7*f - 1. Calculate h(s).
-1
Let z(s) = s**2 + 7*s + 14. Let m be z(-3). Let y(k) = -2*k + 2 - k + k. Determine y(m).
-2
Let h(a) = -2*a**2 + 12*a + 12. Suppose 22*i - 98 = 8*i. Determine h(i).
-2
Let i(k) be the first derivative of 33*k**4/4 - k**2 - k + 98. What is i(-1)?
-32
Let v(a) be the second derivative of -a**3/6 - 5*a**2 + 115*a. Calculate v(-5).
-5
Let o(k) be the third derivative of -k**5/60 + 7*k**4/24 - k**3/6 + 93*k**2. Calculate o(3).
11
Let w(i)